{"id":6,"date":"2021-11-14T14:45:07","date_gmt":"2021-11-14T14:45:07","guid":{"rendered":"https:\/\/mediateka.hu\/?page_id=6"},"modified":"2024-01-22T14:27:23","modified_gmt":"2024-01-22T14:27:23","slug":"create-your-website-with-blocks","status":"publish","type":"page","link":"https:\/\/mediateka.hu\/","title":{"rendered":"M\u00e9dia T\u00e9ka K\u00f6nyvesbolt \u00e9s Rekl\u00e1mst\u00fadi\u00f3"},"content":{"rendered":"\t\t<div data-elementor-type=\"wp-page\" data-elementor-id=\"6\" class=\"elementor elementor-6\" data-elementor-settings=\"[]\">\n\t\t\t\t\t\t\t<div class=\"elementor-section-wrap\">\n\t\t\t\t\t\t\t<section class=\"elementor-section elementor-top-section elementor-element elementor-element-50c704f7 elementor-section-boxed elementor-section-height-default elementor-section-height-default\" data-id=\"50c704f7\" data-element_type=\"section\">\n\t\t\t\t\t\t<div class=\"elementor-container elementor-column-gap-default\">\n\t\t\t\t\t<div class=\"elementor-column elementor-col-100 elementor-top-column elementor-element elementor-element-64472576\" data-id=\"64472576\" data-element_type=\"column\">\n\t\t\t<div class=\"elementor-widget-wrap elementor-element-populated\">\n\t\t\t\t\t\t\t\t<div class=\"elementor-element elementor-element-7f4f97c4 elementor-widget elementor-widget-text-editor\" data-id=\"7f4f97c4\" data-element_type=\"widget\" data-widget_type=\"text-editor.default\">\n\t\t\t\t<div class=\"elementor-widget-container\">\n\t\t\t<style>\/*! elementor - v3.5.5 - 03-02-2022 *\/\n.elementor-widget-text-editor.elementor-drop-cap-view-stacked .elementor-drop-cap{background-color:#818a91;color:#fff}.elementor-widget-text-editor.elementor-drop-cap-view-framed .elementor-drop-cap{color:#818a91;border:3px solid;background-color:transparent}.elementor-widget-text-editor:not(.elementor-drop-cap-view-default) .elementor-drop-cap{margin-top:8px}.elementor-widget-text-editor:not(.elementor-drop-cap-view-default) .elementor-drop-cap-letter{width:1em;height:1em}.elementor-widget-text-editor .elementor-drop-cap{float:left;text-align:center;line-height:1;font-size:50px}.elementor-widget-text-editor .elementor-drop-cap-letter{display:inline-block}<\/style>\t\t\t\t<!-- wp:columns -->\n<div class=\"wp-block-columns\"><!-- wp:column {\"width\":\"100%\"} -->\n<div class=\"wp-block-column\" style=\"flex-basis:100%\"><!-- wp:columns -->\n<div class=\"wp-block-columns\"><!-- wp:column -->\n<div class=\"wp-block-column\"><!-- wp:image {\"id\":54,\"width\":608,\"height\":166,\"sizeSlug\":\"large\",\"linkDestination\":\"custom\"} -->\n<figure class=\"wp-block-image size-large is-resized\"><a href=\"https:\/\/mediateka.hu\/index.php\/create-your-website-with-blocks\/90-2\/\"><img decoding=\"async\" loading=\"lazy\" src=\"https:\/\/mediateka.hu\/wp-content\/uploads\/2021\/11\/fejlec_web-1-1024x283.jpg\" alt=\"\" class=\"wp-image-54\" width=\"608\" height=\"166\"\/><\/a><\/figure>\n<!-- \/wp:image --><\/div>\n<!-- \/wp:column --><\/div>\n<!-- \/wp:columns --><\/div>\n<!-- \/wp:column --><\/div>\n<!-- \/wp:columns -->\n\n<!-- wp:columns {\"align\":\"full\"} -->\n<div class=\"wp-block-columns alignfull\"><!-- wp:column {\"width\":\"100%\"} -->\n<div class=\"wp-block-column\" style=\"flex-basis:100%\"><!-- wp:image {\"align\":\"center\",\"id\":48,\"width\":426,\"height\":426,\"sizeSlug\":\"full\",\"linkDestination\":\"custom\",\"className\":\"is-style-rounded\"} -->\n<div class=\"wp-block-image is-style-rounded\"><figure class=\"aligncenter size-full is-resized\"><a href=\"https:\/\/mediateka.hu\/index.php\/create-your-website-with-blocks\/szolgaltatasaink\/\"><img decoding=\"async\" loading=\"lazy\" src=\"https:\/\/mediateka.hu\/wp-content\/uploads\/2021\/11\/iroda.jpg\" alt=\"\" class=\"wp-image-48\" width=\"426\" height=\"426\" srcset=\"https:\/\/mediateka.hu\/wp-content\/uploads\/2021\/11\/iroda.jpg 600w, https:\/\/mediateka.hu\/wp-content\/uploads\/2021\/11\/iroda-300x300.jpg 300w, https:\/\/mediateka.hu\/wp-content\/uploads\/2021\/11\/iroda-150x150.jpg 150w\" sizes=\"(max-width: 426px) 100vw, 426px\" \/><\/a><figcaption><strong>Szolg\u00e1ltat\u00e1saink<\/strong><\/figcaption><\/figure><\/div>\n<!-- \/wp:image --><\/div>\n<!-- \/wp:column --><\/div>\n<!-- \/wp:columns -->\n\n<!-- wp:image {\"id\":50,\"width\":609,\"height\":373,\"sizeSlug\":\"full\",\"linkDestination\":\"custom\",\"className\":\"is-style-rounded\"} -->\n<figure class=\"wp-block-image size-full is-resized is-style-rounded\"><a href=\"https:\/\/mediateka.hu\/index.php\/create-your-website-with-blocks\/rolunk\/\"><img decoding=\"async\" loading=\"lazy\" src=\"https:\/\/mediateka.hu\/wp-content\/uploads\/2021\/11\/grandparents-reading.jpg\" alt=\"\" class=\"wp-image-50\" width=\"609\" height=\"373\" srcset=\"https:\/\/mediateka.hu\/wp-content\/uploads\/2021\/11\/grandparents-reading.jpg 600w, https:\/\/mediateka.hu\/wp-content\/uploads\/2021\/11\/grandparents-reading-300x184.jpg 300w\" sizes=\"(max-width: 609px) 100vw, 609px\" \/><\/a><figcaption><strong>K\u00f6nyvesbolt<\/strong><\/figcaption><\/figure>\n<!-- \/wp:image -->\n\n<!-- wp:paragraph -->\n<p><\/p>\n<!-- \/wp:paragraph -->\t\t\t\t\t\t<\/div>\n\t\t\t\t<\/div>\n\t\t\t\t\t<\/div>\n\t\t<\/div>\n\t\t\t\t\t\t\t<\/div>\n\t\t<\/section>\n\t\t\t\t\t\t<\/div>\n\t\t\t\t\t<\/div>\n\t\t","protected":false},"excerpt":{"rendered":"<p>2022 \u00e9vi megjelen\u00e9sek 2021 \u00e9vi megjelen\u00e9sek<\/p>\n","protected":false},"author":1,"featured_media":0,"parent":0,"menu_order":0,"comment_status":"closed","ping_status":"closed","template":"elementor_header_footer","meta":[],"_links":{"self":[{"href":"https:\/\/mediateka.hu\/index.php\/wp-json\/wp\/v2\/pages\/6"}],"collection":[{"href":"https:\/\/mediateka.hu\/index.php\/wp-json\/wp\/v2\/pages"}],"about":[{"href":"https:\/\/mediateka.hu\/index.php\/wp-json\/wp\/v2\/types\/page"}],"author":[{"embeddable":true,"href":"https:\/\/mediateka.hu\/index.php\/wp-json\/wp\/v2\/users\/1"}],"replies":[{"embeddable":true,"href":"https:\/\/mediateka.hu\/index.php\/wp-json\/wp\/v2\/comments?post=6"}],"version-history":[{"count":28,"href":"https:\/\/mediateka.hu\/index.php\/wp-json\/wp\/v2\/pages\/6\/revisions"}],"predecessor-version":[{"id":463,"href":"https:\/\/mediateka.hu\/index.php\/wp-json\/wp\/v2\/pages\/6\/revisions\/463"}],"wp:attachment":[{"href":"https:\/\/mediateka.hu\/index.php\/wp-json\/wp\/v2\/media?parent=6"}],"curies":[{"name":"wp","href":"https:\/\/api.w.org\/{rel}","templated":true}]}}