{"id":7,"date":"2021-11-14T14:45:07","date_gmt":"2021-11-14T14:45:07","guid":{"rendered":"https:\/\/mediateka.hu\/?page_id=7"},"modified":"2024-01-26T15:27:53","modified_gmt":"2024-01-26T15:27:53","slug":"rolunk","status":"publish","type":"page","link":"https:\/\/mediateka.hu\/index.php\/create-your-website-with-blocks\/rolunk\/","title":{"rendered":"K\u00f6nyvesbolt"},"content":{"rendered":"\n<p class=\"has-text-align-center\">Szeretn\u00e9nk r\u00f6viden bemutatkozni \u00e9s megismertetni \u00d6n\u00f6kkel k\u00f6nyvesboltunkat. Kis boltocsk\u00e1nkat 1991-ben nyitottuk meg Celld\u00f6m\u00f6lk\u00f6n. A k\u00f6nyvek mellett m\u0171soros audi\u00f3kazett\u00e1k, VHS kazett\u00e1k k\u00e9s\u0151bb pedig DVD \u00e9s CD is szerepeltek k\u00edn\u00e1latunkban. M\u00e1ra sajnos ezek hangz\u00f3 \u00e9s k\u00e9pi anyagok nagyr\u00e9szt kiszorultak a piacr\u00f3l. A k\u00f6nyv viszont egyre sz\u00e9lesebb k\u00f6rben h\u00f3d\u00edt. A hagyom\u00e1nyos pap\u00edrform\u00e1n k\u00edv\u00fcl m\u00e1r van hangos k\u00f6nyv \u00e9s e-book is, de a nyomtatott k\u00f6nyv illat\u00e1t \u00e9s k\u00e9zbev\u00e9tel\u00e9t sosem helyettes\u00edtheti semmi. Az olvas\u00e1s m\u00e9g mindig igazi kikapcsol\u00f3d\u00e1s, ami minden bet\u0171fal\u00f3 sz\u00e1m\u00e1ra bel\u00e9p\u0151 egy \u00faj vil\u00e1gba.<br>Term\u00e9szetesen ne feledkezz\u00fcnk meg arr\u00f3l sem, hogy egy j\u00f3 k\u00f6nyvet kapni, vagy aj\u00e1nd\u00e9kozni val\u00f3ban \u00f6r\u00f6mteli dolog.<\/p>\n\n\n\n<p class=\"has-text-align-center\">Tiszt\u00e1ban vagyunk azzal a t\u00e9nnyel, hogy nem tudunk versenybe sz\u00e1llni a nagykeresked\u0151kkel \u00e9s k\u00f6nyvforgalmaz\u00f3kkal sem, de nem is ez a c\u00e9lunk. Mi csup\u00e1n szeretn\u00e9nk v\u00e1s\u00e1rl\u00f3ink sz\u00e1m\u00e1ra biztos\u00edtani, hogy a mi kis v\u00e1rosunkban is el\u00e9rhet\u0151k legyenek a klasszikus m\u0171vek mellett a leg\u00fajabb sl\u00e1gerek is, \u00e9s megpr\u00f3b\u00e1lunk egyedi kih\u00edv\u00e1soknak is eleget tenni.<\/p>\n\n\n\n<p class=\"has-text-align-center\">K\u00e9rj\u00fck leend\u0151 V\u00e1s\u00e1rl\u00f3inkat, forduljanak hozz\u00e1nk bizalommal \u00e9s mi mindent megtesz\u00fcnk az el\u00e9gedetts\u00e9g\u00fck \u00e9s k\u00e9nyelm\u00fck \u00e9rdek\u00e9ben!<\/p>\n","protected":false},"excerpt":{"rendered":"<p>Szeretn\u00e9nk r\u00f6viden bemutatkozni \u00e9s megismertetni \u00d6n\u00f6kkel k\u00f6nyvesboltunkat. Kis boltocsk\u00e1nkat 1991-ben nyitottuk meg Celld\u00f6m\u00f6lk\u00f6n. A k\u00f6nyvek mellett m\u0171soros audi\u00f3kazett\u00e1k, VHS kazett\u00e1k k\u00e9s\u0151bb pedig DVD \u00e9s CD is szerepeltek k\u00edn\u00e1latunkban. M\u00e1ra sajnos ezek hangz\u00f3 \u00e9s k\u00e9pi anyagok nagyr\u00e9szt kiszorultak a piacr\u00f3l. A k\u00f6nyv viszont egyre sz\u00e9lesebb k\u00f6rben h\u00f3d\u00edt. A hagyom\u00e1nyos pap\u00edrform\u00e1n k\u00edv\u00fcl m\u00e1r van hangos k\u00f6nyv \u00e9s &#8230; <a title=\"K\u00f6nyvesbolt\" class=\"read-more\" href=\"https:\/\/mediateka.hu\/index.php\/create-your-website-with-blocks\/rolunk\/\" aria-label=\"Tov\u00e1bbiak K\u00f6nyvesbolt\">Olvass tov\u00e1bb<\/a><\/p>\n","protected":false},"author":1,"featured_media":0,"parent":6,"menu_order":0,"comment_status":"closed","ping_status":"closed","template":"","meta":[],"_links":{"self":[{"href":"https:\/\/mediateka.hu\/index.php\/wp-json\/wp\/v2\/pages\/7"}],"collection":[{"href":"https:\/\/mediateka.hu\/index.php\/wp-json\/wp\/v2\/pages"}],"about":[{"href":"https:\/\/mediateka.hu\/index.php\/wp-json\/wp\/v2\/types\/page"}],"author":[{"embeddable":true,"href":"https:\/\/mediateka.hu\/index.php\/wp-json\/wp\/v2\/users\/1"}],"replies":[{"embeddable":true,"href":"https:\/\/mediateka.hu\/index.php\/wp-json\/wp\/v2\/comments?post=7"}],"version-history":[{"count":9,"href":"https:\/\/mediateka.hu\/index.php\/wp-json\/wp\/v2\/pages\/7\/revisions"}],"predecessor-version":[{"id":132,"href":"https:\/\/mediateka.hu\/index.php\/wp-json\/wp\/v2\/pages\/7\/revisions\/132"}],"up":[{"embeddable":true,"href":"https:\/\/mediateka.hu\/index.php\/wp-json\/wp\/v2\/pages\/6"}],"wp:attachment":[{"href":"https:\/\/mediateka.hu\/index.php\/wp-json\/wp\/v2\/media?parent=7"}],"curies":[{"name":"wp","href":"https:\/\/api.w.org\/{rel}","templated":true}]}}

Könyvesbolt

<p class="has-text-align-center">Szeretnénk röviden bemutatkozni és megismertetni Önökkel könyvesboltunkat. Kis boltocskánkat 1991-ben nyitottuk meg Celldömölkön. A könyvek mellett műsoros audiókazetták, VHS kazetták később pedig DVD és CD is szerepeltek kínálatunkban. Mára sajnos ezek hangzó és képi anyagok nagyrészt kiszorultak a piacról. A könyv viszont egyre szélesebb körben hódít. A hagyományos papírformán kívül már van hangos könyv és e-book is, de a nyomtatott könyv illatát és kézbevételét sosem helyettesítheti semmi. Az olvasás még mindig igazi kikapcsolódás, ami minden betűfaló számára belépő egy új világba.<br>Természetesen ne feledkezzünk meg arról sem, hogy egy jó könyvet kapni, vagy ajándékozni valóban örömteli dolog.</p>



<p class="has-text-align-center">Tisztában vagyunk azzal a ténnyel, hogy nem tudunk versenybe szállni a nagykereskedőkkel és könyvforgalmazókkal sem, de nem is ez a célunk. Mi csupán szeretnénk vásárlóink számára biztosítani, hogy a mi kis városunkban is elérhetők legyenek a klasszikus művek mellett a legújabb slágerek is, és megpróbálunk egyedi kihívásoknak is eleget tenni.</p>



<p class="has-text-align-center">Kérjük leendő Vásárlóinkat, forduljanak hozzánk bizalommal és mi mindent megteszünk az elégedettségük és kényelmük érdekében!</p>

<p>Szeretnénk röviden bemutatkozni és megismertetni Önökkel könyvesboltunkat. Kis boltocskánkat 1991-ben nyitottuk meg Celldömölkön. A könyvek mellett műsoros audiókazetták, VHS kazetták később pedig DVD és CD is szerepeltek kínálatunkban. Mára sajnos ezek hangzó és képi anyagok nagyrészt kiszorultak a piacról. A könyv viszont egyre szélesebb körben hódít. A hagyományos papírformán kívül már van hangos könyv és &#8230; <a title="Könyvesbolt" class="read-more" href="https://mediateka.hu/index.php/create-your-website-with-blocks/rolunk/" aria-label="Továbbiak Könyvesbolt">Olvass tovább</a></p>
