{"id":8,"date":"2021-11-14T14:45:08","date_gmt":"2021-11-14T14:45:08","guid":{"rendered":"https:\/\/mediateka.hu\/?page_id=8"},"modified":"2022-05-29T14:36:23","modified_gmt":"2022-05-29T14:36:23","slug":"elerhetoseg","status":"publish","type":"page","link":"https:\/\/mediateka.hu\/index.php\/create-your-website-with-blocks\/elerhetoseg\/","title":{"rendered":"El\u00e9rhet\u0151s\u00e9g"},"content":{"rendered":"\n<p>M\u00e9dia T\u00e9ka K\u00f6nyvesbolt \u00e9s Rekl\u00e1mst\u00fadi\u00f3<\/p>\n\n\n\n<p>9500 Celld\u00f6m\u00f6lk, Kossuth u. 15.<\/p>\n\n\n\n<p><\/p>\n\n\n\n<p>Telefon: 06-95-423-044<\/p>\n\n\n\n<p>Mobil: 06-20-474-9030<\/p>\n\n\n\n<p><\/p>\n\n\n\n<p><strong><span style=\"color:#8c0b5b\" class=\"has-inline-color\">nyomtatnival\u00f3 k\u00fcld\u00e9se: irat@mediateka.hu<\/span><\/strong><\/p>\n\n\n\n<p><\/p>\n\n\n\n<p>e-mail c\u00edmek <\/p>\n\n\n\n<p>K\u00f6nyvesbolt: konyvesbolt@mediateka.hu<\/p>\n\n\n\n<p>Rekl\u00e1mst\u00fadi\u00f3 : hirdetes@mediateka.hu<\/p>\n\n\n\n<p><\/p>\n","protected":false},"excerpt":{"rendered":"<p>M\u00e9dia T\u00e9ka K\u00f6nyvesbolt \u00e9s Rekl\u00e1mst\u00fadi\u00f3 9500 Celld\u00f6m\u00f6lk, Kossuth u. 15. Telefon: 06-95-423-044 Mobil: 06-20-474-9030 nyomtatnival\u00f3 k\u00fcld\u00e9se: irat@mediateka.hu e-mail c\u00edmek K\u00f6nyvesbolt: konyvesbolt@mediateka.hu Rekl\u00e1mst\u00fadi\u00f3 : hirdetes@mediateka.hu<\/p>\n","protected":false},"author":1,"featured_media":0,"parent":6,"menu_order":0,"comment_status":"closed","ping_status":"closed","template":"","meta":[],"_links":{"self":[{"href":"https:\/\/mediateka.hu\/index.php\/wp-json\/wp\/v2\/pages\/8"}],"collection":[{"href":"https:\/\/mediateka.hu\/index.php\/wp-json\/wp\/v2\/pages"}],"about":[{"href":"https:\/\/mediateka.hu\/index.php\/wp-json\/wp\/v2\/types\/page"}],"author":[{"embeddable":true,"href":"https:\/\/mediateka.hu\/index.php\/wp-json\/wp\/v2\/users\/1"}],"replies":[{"embeddable":true,"href":"https:\/\/mediateka.hu\/index.php\/wp-json\/wp\/v2\/comments?post=8"}],"version-history":[{"count":3,"href":"https:\/\/mediateka.hu\/index.php\/wp-json\/wp\/v2\/pages\/8\/revisions"}],"predecessor-version":[{"id":34,"href":"https:\/\/mediateka.hu\/index.php\/wp-json\/wp\/v2\/pages\/8\/revisions\/34"}],"up":[{"embeddable":true,"href":"https:\/\/mediateka.hu\/index.php\/wp-json\/wp\/v2\/pages\/6"}],"wp:attachment":[{"href":"https:\/\/mediateka.hu\/index.php\/wp-json\/wp\/v2\/media?parent=8"}],"curies":[{"name":"wp","href":"https:\/\/api.w.org\/{rel}","templated":true}]}}