{"id":90,"date":"2021-11-16T09:49:59","date_gmt":"2021-11-16T09:49:59","guid":{"rendered":"https:\/\/mediateka.hu\/?page_id=90"},"modified":"2022-03-06T09:25:21","modified_gmt":"2022-03-06T09:25:21","slug":"90-2","status":"publish","type":"page","link":"https:\/\/mediateka.hu\/index.php\/create-your-website-with-blocks\/2021-reklamujsag\/90-2\/","title":{"rendered":"M\u00e9dia Rekl\u00e1m\u00fajs\u00e1g 2021"},"content":{"rendered":"\t\t<div data-elementor-type=\"wp-page\" data-elementor-id=\"90\" class=\"elementor elementor-90\" data-elementor-settings=\"[]\">\n\t\t\t\t\t\t\t<div class=\"elementor-section-wrap\">\n\t\t\t\t\t\t\t<section class=\"elementor-section elementor-top-section elementor-element elementor-element-2f013265 elementor-section-full_width elementor-section-height-default elementor-section-height-default\" data-id=\"2f013265\" data-element_type=\"section\">\n\t\t\t\t\t\t<div class=\"elementor-container elementor-column-gap-wide\">\n\t\t\t\t\t<div class=\"elementor-column elementor-col-100 elementor-top-column elementor-element elementor-element-ffedf23\" data-id=\"ffedf23\" data-element_type=\"column\">\n\t\t\t<div class=\"elementor-widget-wrap elementor-element-populated\">\n\t\t\t\t\t\t\t\t<div class=\"elementor-element elementor-element-61550d8 elementor-widget elementor-widget-heading\" data-id=\"61550d8\" data-element_type=\"widget\" data-widget_type=\"heading.default\">\n\t\t\t\t<div class=\"elementor-widget-container\">\n\t\t\t<style>\/*! elementor - v3.5.5 - 03-02-2022 *\/\n.elementor-heading-title{padding:0;margin:0;line-height:1}.elementor-widget-heading .elementor-heading-title[class*=elementor-size-]>a{color:inherit;font-size:inherit;line-height:inherit}.elementor-widget-heading .elementor-heading-title.elementor-size-small{font-size:15px}.elementor-widget-heading .elementor-heading-title.elementor-size-medium{font-size:19px}.elementor-widget-heading .elementor-heading-title.elementor-size-large{font-size:29px}.elementor-widget-heading .elementor-heading-title.elementor-size-xl{font-size:39px}.elementor-widget-heading .elementor-heading-title.elementor-size-xxl{font-size:59px}<\/style><h2 class=\"elementor-heading-title elementor-size-default\">M\u00e9dia Rekl\u00e1m\u00fajs\u00e1g 2021<\/h2>\t\t<\/div>\n\t\t\t\t<\/div>\n\t\t\t\t<div class=\"elementor-element elementor-element-7e46451 elementor-widget elementor-widget-spacer\" data-id=\"7e46451\" data-element_type=\"widget\" data-widget_type=\"spacer.default\">\n\t\t\t\t<div class=\"elementor-widget-container\">\n\t\t\t\t\t<div class=\"elementor-spacer\">\n\t\t\t<div class=\"elementor-spacer-inner\"><\/div>\n\t\t<\/div>\n\t\t\t\t<\/div>\n\t\t\t\t<\/div>\n\t\t\t\t<div class=\"elementor-element elementor-element-2f3f8e8 elementor-widget elementor-widget-text-editor\" data-id=\"2f3f8e8\" data-element_type=\"widget\" data-widget_type=\"text-editor.default\">\n\t\t\t\t<div class=\"elementor-widget-container\">\n\t\t\t<style>\/*! elementor - v3.5.5 - 03-02-2022 *\/\n.elementor-widget-text-editor.elementor-drop-cap-view-stacked .elementor-drop-cap{background-color:#818a91;color:#fff}.elementor-widget-text-editor.elementor-drop-cap-view-framed .elementor-drop-cap{color:#818a91;border:3px solid;background-color:transparent}.elementor-widget-text-editor:not(.elementor-drop-cap-view-default) .elementor-drop-cap{margin-top:8px}.elementor-widget-text-editor:not(.elementor-drop-cap-view-default) .elementor-drop-cap-letter{width:1em;height:1em}.elementor-widget-text-editor .elementor-drop-cap{float:left;text-align:center;line-height:1;font-size:50px}.elementor-widget-text-editor .elementor-drop-cap-letter{display:inline-block}<\/style>\t\t\t\t<p><!-- wp:image {\"id\":91,\"sizeSlug\":\"large\",\"linkDestination\":\"none\"} --><\/p>\n<figure class=\"wp-block-image size-large\"><\/figure>\n<div class=\"wp-block-columns\">\n<div class=\"wp-block-column\">\n<div class=\"wp-block-column\" style=\"text-align: center;\">\n<p style=\"text-align: center;\"><!-- wp:image {\"id\":91,\"sizeSlug\":\"large\",\"linkDestination\":\"none\"} --><\/p>\n<figure class=\"wp-block-image size-large\"><a href=\"https:\/\/issuu.com\/mediareklam\/docs\/cere_1217_01_1_web_1_\"> <img decoding=\"async\" loading=\"lazy\" class=\"alignnone size-medium wp-image-188\" src=\"https:\/\/mediateka.hu\/wp-content\/uploads\/2022\/02\/kicsi00025-234x300.jpg\" alt=\"\" width=\"234\" height=\"300\" srcset=\"https:\/\/mediateka.hu\/wp-content\/uploads\/2022\/02\/kicsi00025-234x300.jpg 234w, https:\/\/mediateka.hu\/wp-content\/uploads\/2022\/02\/kicsi00025.jpg 332w\" sizes=\"(max-width: 234px) 100vw, 234px\" \/><\/a>\n<figcaption>25. sz\u00e1m &#8211; 2021-12-17<\/figcaption>\n<\/figure>\n<\/div>\n<\/div>\n<\/div>\n<div class=\"wp-block-columns\" style=\"text-align: center;\">\n<div class=\"wp-block-column\">\n<p><!-- wp:image {\"id\":91,\"sizeSlug\":\"large\",\"linkDestination\":\"none\"} --><\/p>\n<figure class=\"wp-block-image size-large\"><img decoding=\"async\" loading=\"lazy\" class=\"alignnone size-medium wp-image-187\" src=\"https:\/\/mediateka.hu\/wp-content\/uploads\/2022\/02\/kicsi00024-234x300.jpg\" alt=\"\" width=\"234\" height=\"300\" srcset=\"https:\/\/mediateka.hu\/wp-content\/uploads\/2022\/02\/kicsi00024-234x300.jpg 234w, https:\/\/mediateka.hu\/wp-content\/uploads\/2022\/02\/kicsi00024.jpg 332w\" sizes=\"(max-width: 234px) 100vw, 234px\" \/>\n<figcaption>24. sz\u00e1m 2021-12-10<\/figcaption>\n<\/figure>\n<\/div>\n<div class=\"wp-block-column\">\n<p><!-- wp:image {\"id\":91,\"sizeSlug\":\"large\",\"linkDestination\":\"none\"} --><\/p>\n<figure class=\"wp-block-image size-large\"><img decoding=\"async\" loading=\"lazy\" class=\"size-medium wp-image-186 alignnone\" src=\"https:\/\/mediateka.hu\/wp-content\/uploads\/2022\/02\/kicsi00023-235x300.jpg\" alt=\"\" width=\"235\" height=\"300\" srcset=\"https:\/\/mediateka.hu\/wp-content\/uploads\/2022\/02\/kicsi00023-235x300.jpg 235w, https:\/\/mediateka.hu\/wp-content\/uploads\/2022\/02\/kicsi00023.jpg 333w\" sizes=\"(max-width: 235px) 100vw, 235px\" \/>\n<figcaption>23. sz\u00e1m &#8211; 2021-11-26<\/figcaption>\n<\/figure>\n<\/div>\n<div class=\"wp-block-column\">\n<p><!-- wp:image {\"id\":106,\"linkDestination\":\"custom\"} --><\/p>\n<figure class=\"wp-block-image\"><img decoding=\"async\" loading=\"lazy\" class=\"alignnone size-medium wp-image-185\" src=\"https:\/\/mediateka.hu\/wp-content\/uploads\/2022\/02\/kicsi00022-234x300.jpg\" alt=\"\" width=\"234\" height=\"300\" srcset=\"https:\/\/mediateka.hu\/wp-content\/uploads\/2022\/02\/kicsi00022-234x300.jpg 234w, https:\/\/mediateka.hu\/wp-content\/uploads\/2022\/02\/kicsi00022.jpg 332w\" sizes=\"(max-width: 234px) 100vw, 234px\" \/>\n<figcaption>22. sz\u00e1m &#8211; 2021-11-12<\/figcaption>\n<\/figure>\n<\/div>\n<\/div>\n<div class=\"wp-block-columns\" style=\"text-align: center;\">\n<div class=\"wp-block-column\">\n<figure class=\"wp-block-image size-full\"><img decoding=\"async\" loading=\"lazy\" class=\"alignnone wp-image-183 size-medium\" src=\"https:\/\/mediateka.hu\/wp-content\/uploads\/2022\/02\/kicsi00021-234x300.jpg\" alt=\"\" width=\"234\" height=\"300\" \/>\n<figcaption>21. sz\u00e1m &#8211; 2021-10-29<\/figcaption>\n<\/figure>\n<\/div>\n<div class=\"wp-block-column\">\n<figure class=\"wp-block-image size-full\"><img decoding=\"async\" loading=\"lazy\" class=\"alignnone wp-image-183 size-medium\" src=\"https:\/\/mediateka.hu\/wp-content\/uploads\/2022\/02\/kicsi00020-234x300.jpg\" alt=\"\" width=\"234\" height=\"300\" srcset=\"https:\/\/mediateka.hu\/wp-content\/uploads\/2022\/02\/kicsi00020-234x300.jpg 234w, https:\/\/mediateka.hu\/wp-content\/uploads\/2022\/02\/kicsi00020.jpg 332w\" sizes=\"(max-width: 234px) 100vw, 234px\" \/>\n<figcaption>20. sz\u00e1m &#8211; 2021-10-15<\/figcaption>\n<\/figure>\n<\/div>\n<div class=\"wp-block-column\">\n<figure class=\"wp-block-image size-full\"><img decoding=\"async\" loading=\"lazy\" class=\"alignnone wp-image-183 size-medium\" src=\"https:\/\/mediateka.hu\/wp-content\/uploads\/2022\/02\/kicsi00019-234x300.jpg\" alt=\"\" width=\"234\" height=\"300\" \/>\n<figcaption>19. sz\u00e1m &#8211; 2021-10-01<\/figcaption>\n<\/figure>\n<\/div>\n<\/div>\n<div class=\"wp-block-columns\" style=\"text-align: center;\">\n<div class=\"wp-block-column\">\n<p><!-- wp:image {\"id\":101,\"sizeSlug\":\"full\",\"linkDestination\":\"none\"} --><\/p>\n<figure class=\"wp-block-image size-full\"><img decoding=\"async\" loading=\"lazy\" class=\"alignnone size-medium wp-image-166\" src=\"https:\/\/mediateka.hu\/wp-content\/uploads\/2022\/02\/kicsi00003-233x300.jpg\" alt=\"\" width=\"233\" height=\"300\" srcset=\"https:\/\/mediateka.hu\/wp-content\/uploads\/2022\/02\/kicsi00003-233x300.jpg 233w, https:\/\/mediateka.hu\/wp-content\/uploads\/2022\/02\/kicsi00003.jpg 332w\" sizes=\"(max-width: 233px) 100vw, 233px\" \/><\/figure>\n<figure class=\"wp-block-image size-full\">\n<figcaption>3. sz\u00e1m &#8211; 2021-02-19<\/figcaption>\n<\/figure>\n<\/div>\n<div class=\"wp-block-column\">\n<p><!-- wp:image {\"id\":95,\"sizeSlug\":\"full\",\"linkDestination\":\"custom\"} --><\/p>\n<figure class=\"wp-block-image size-full\"><img decoding=\"async\" loading=\"lazy\" class=\"alignnone wp-image-165 size-medium\" src=\"https:\/\/mediateka.hu\/wp-content\/uploads\/2022\/02\/kicsi00002-235x300.jpg\" alt=\"\" width=\"235\" height=\"300\" srcset=\"https:\/\/mediateka.hu\/wp-content\/uploads\/2022\/02\/kicsi00002-235x300.jpg 235w, https:\/\/mediateka.hu\/wp-content\/uploads\/2022\/02\/kicsi00002.jpg 333w\" sizes=\"(max-width: 235px) 100vw, 235px\" \/>\n<p>&nbsp;<\/p>\n<figcaption>2. sz\u00e1m &#8211; 2021-02-05<\/figcaption>\n<\/figure>\n<\/div>\n<div class=\"wp-block-column\">\n<p><!-- wp:image {\"id\":100,\"sizeSlug\":\"full\",\"linkDestination\":\"custom\"} --><\/p>\n<figure id=\"https:\/\/issuu.com\/mediareklam\/docs\/cere_0219_00_v1_cmyk_8\" class=\"wp-block-image size-full\"><img decoding=\"async\" loading=\"lazy\" class=\"alignnone size-medium wp-image-164\" src=\"https:\/\/mediateka.hu\/wp-content\/uploads\/2022\/02\/kicsi00001-233x300.jpg\" alt=\"\" width=\"233\" height=\"300\" srcset=\"https:\/\/mediateka.hu\/wp-content\/uploads\/2022\/02\/kicsi00001-233x300.jpg 233w, https:\/\/mediateka.hu\/wp-content\/uploads\/2022\/02\/kicsi00001.jpg 332w\" sizes=\"(max-width: 233px) 100vw, 233px\" \/>\n<p>&nbsp;<\/p>\n<figcaption>1. sz\u00e1m &#8211; 2021-01-22<\/figcaption>\n<\/figure>\n<\/div>\n<\/div>\n<div class=\"wp-block-media-text alignwide is-stacked-on-mobile\" style=\"text-align: center;\">\n<figure class=\"wp-block-media-text__media\"><\/figure>\n<div class=\"wp-block-media-text__content\">\n<p><!-- wp:paragraph {\"placeholder\":\"Tartalom\u2026\",\"fontSize\":\"large\"} --><\/p>\n<p class=\"has-large-font-size\">\u00a0<\/p>\n<p><!-- \/wp:paragraph --><\/p>\n<\/div>\n<\/div>\n<div class=\"wp-block-media-text alignwide is-stacked-on-mobile\" style=\"text-align: center;\">\n<figure class=\"wp-block-media-text__media\"><\/figure>\n<div class=\"wp-block-media-text__content\">\n<p><!-- wp:paragraph {\"placeholder\":\"Tartalom\u2026\",\"fontSize\":\"large\"} --><\/p>\n<p class=\"has-large-font-size\">\u00a0<\/p>\n<\/div>\n<\/div>\n<div class=\"wp-block-media-text alignwide is-stacked-on-mobile\" style=\"text-align: center;\">\n<figure class=\"wp-block-media-text__media\"><\/figure>\n<div class=\"wp-block-media-text__content\">\n<p><!-- wp:paragraph {\"placeholder\":\"Tartalom\u2026\",\"fontSize\":\"large\"} --><\/p>\n<p class=\"has-large-font-size\">\u00a0<\/p>\n<\/div>\n<\/div>\n<div class=\"wp-block-media-text alignwide is-stacked-on-mobile\" style=\"text-align: center;\">\n<figure class=\"wp-block-media-text__media\"><\/figure>\n<div class=\"wp-block-media-text__content\">\n<p><!-- wp:paragraph {\"placeholder\":\"Tartalom\u2026\",\"fontSize\":\"large\"} --><\/p>\n<p class=\"has-large-font-size\">\u00a0<\/p>\n<p><!-- \/wp:paragraph --><\/p>\n<\/div>\n<\/div>\n<div class=\"wp-block-media-text alignwide is-stacked-on-mobile\" style=\"text-align: center;\">\n<figure class=\"wp-block-media-text__media\"><\/figure>\n<div class=\"wp-block-media-text__content\">\n<p><!-- wp:paragraph {\"placeholder\":\"Tartalom\u2026\",\"fontSize\":\"large\"} --><\/p>\n<p class=\"has-large-font-size\">\u00a0<\/p>\n<\/div>\n<\/div>\n<div class=\"wp-block-media-text alignwide is-stacked-on-mobile\">\n<figure class=\"wp-block-media-text__media\"><\/figure>\n<div class=\"wp-block-media-text__content\">\n<p style=\"text-align: center;\"><!-- wp:paragraph {\"placeholder\":\"Tartalom\u2026\",\"fontSize\":\"large\"} --><\/p>\n<p class=\"has-large-font-size\" style=\"text-align: center;\">\u00a0<\/p>\n<\/div>\n<\/div>\t\t\t\t\t\t<\/div>\n\t\t\t\t<\/div>\n\t\t\t\t\t<\/div>\n\t\t<\/div>\n\t\t\t\t\t\t\t<\/div>\n\t\t<\/section>\n\t\t\t\t\t\t<\/div>\n\t\t\t\t\t<\/div>\n\t\t","protected":false},"excerpt":{"rendered":"<p>\u00a0 \u00a0 &nbsp; 2. sz\u00e1m &#8211; 2021-02-05 3. sz\u00e1m &#8211; 2021-02-19 22. sz\u00e1m &#8211; 2021-11-12 21. sz\u00e1m &#8211; 2021-10-29 20. sz\u00e1m &#8211; 2021-10-15 19. sz\u00e1m &#8211; 2021-10-01 23. sz\u00e1m &#8211; 2021-11-26 24. sz\u00e1m 2021-12-10 25. sz\u00e1m &#8211; 2021-12-17 M\u00e9dia Rekl\u00e1m\u00fajs\u00e1g 2021 \u00a0 \u00a0 &nbsp; 2. sz\u00e1m &#8211; 2021-02-05 3. sz\u00e1m &#8211; 2021-02-19 22. sz\u00e1m &#8211; &#8230; <a title=\"M\u00e9dia Rekl\u00e1m\u00fajs\u00e1g 2021\" class=\"read-more\" href=\"https:\/\/mediateka.hu\/index.php\/create-your-website-with-blocks\/2021-reklamujsag\/90-2\/\" aria-label=\"Tov\u00e1bbiak M\u00e9dia Rekl\u00e1m\u00fajs\u00e1g 2021\">Olvass tov\u00e1bb<\/a><\/p>\n","protected":false},"author":1,"featured_media":0,"parent":160,"menu_order":0,"comment_status":"closed","ping_status":"closed","template":"","meta":[],"_links":{"self":[{"href":"https:\/\/mediateka.hu\/index.php\/wp-json\/wp\/v2\/pages\/90"}],"collection":[{"href":"https:\/\/mediateka.hu\/index.php\/wp-json\/wp\/v2\/pages"}],"about":[{"href":"https:\/\/mediateka.hu\/index.php\/wp-json\/wp\/v2\/types\/page"}],"author":[{"embeddable":true,"href":"https:\/\/mediateka.hu\/index.php\/wp-json\/wp\/v2\/users\/1"}],"replies":[{"embeddable":true,"href":"https:\/\/mediateka.hu\/index.php\/wp-json\/wp\/v2\/comments?post=90"}],"version-history":[{"count":133,"href":"https:\/\/mediateka.hu\/index.php\/wp-json\/wp\/v2\/pages\/90\/revisions"}],"predecessor-version":[{"id":335,"href":"https:\/\/mediateka.hu\/index.php\/wp-json\/wp\/v2\/pages\/90\/revisions\/335"}],"up":[{"embeddable":true,"href":"https:\/\/mediateka.hu\/index.php\/wp-json\/wp\/v2\/pages\/160"}],"wp:attachment":[{"href":"https:\/\/mediateka.hu\/index.php\/wp-json\/wp\/v2\/media?parent=90"}],"curies":[{"name":"wp","href":"https:\/\/api.w.org\/{rel}","templated":true}]}}